{"version":"1.0","provider_name":"Key Site","provider_url":"https:\/\/keysite.cafeblog.hu","author_name":"Klaudia Moln\u00e1r","author_url":"https:\/\/keysite.cafeblog.hu\/author\/klaudia0518\/","title":"Ny\u00edlt lev\u00e9l","html":"<p style=\"text-align: justify\"><strong><a href=\"https:\/\/keysite.cafeblog.hu\/files\/2015\/02\/Project-365-35.jpg\"><img class=\"wp-image-5516983 alignleft\" src=\"https:\/\/keysite.cafeblog.hu\/files\/2015\/02\/Project-365-35-300x200.jpg\" alt=\"Project-365-35\" width=\"352\" height=\"234\" \/><\/a>18.45. \u2013 kiesek a munkahelyem ajtaj\u00e1n. <\/strong><\/p>\r\n<p style=\"text-align: justify\"><em>Nagyszer\u0171, most m\u00e1r biztosan nem \u00e9rek oda id\u0151ben. De sz\u00f3lni sem tudok, hogy k\u00e9sek. Hozom a form\u00e1m.<\/em> \u2013 puffogok magamban, mik\u00f6zben befordulok a sarkon \u00e9s sietve az alulj\u00e1r\u00f3 fel\u00e9 l\u00e9pkedek. \u2013 <em>Nagyon hi\u00e1nyzott nekem ez a randi, t\u00e9nyleg sz\u00fcks\u00e9gem van r\u00e1, hogy \u00fajra meg kelljen \u00e1llap\u00edtanom, hogy a mai vil\u00e1gban az se norm\u00e1lis, aki m\u00e9g egy\u00e1ltal\u00e1n emberekkel tal\u00e1lkozik. <\/em><\/p>\r\n<p style=\"text-align: justify\">M\u00e1r nem volt id\u0151m renov\u00e1lni az arcom. Egy francos hajkefe sem volt n\u00e1lam. Hideg is volt, \u00e1lmos is voltam. \u2013 Hiszek benne, hogy az els\u0151 5 percben, minden eld\u0151l. Az legal\u00e1bbis mindenk\u00e9pp, hogy lesz-e m\u00e1sodik tal\u00e1lkoz\u00e1s. Jelenleg 10 perces lemarad\u00e1sban voltam. Ekkor d\u00f6nt\u00f6ttem el, hogy megadom a szok\u00e1sos 5 percet \u00e9s nem futok udvarias k\u00f6r\u00f6ket, lel\u00e9pek.<\/p>\r\n<p style=\"text-align: justify\"><strong>Azt\u00e1n megl\u00e1ttalak\u2026<\/strong><\/p>\r\n<p style=\"text-align: justify\">Nem tudom hol volt az a pont, ahol megadtam magam. Minden olyan gyorsan t\u00f6rt\u00e9nt.<\/p>\r\n<p style=\"text-align: justify\">Tal\u00e1n akkor, amikor r\u00e1j\u00f6ttem, b\u00e1rhogy keresem, nem tal\u00e1lom azt a bizonyos \u201e<em>DE<\/em>\u201d-vel kezd\u0151d\u0151 mondatot, tal\u00e1n, amikor azt mondtad, <em>\u201eHidd m\u00e1r el, hogy meg\u00e9rdemled.\u201d<\/em>, tal\u00e1n, amikor nem k\u00e9rdezt\u00e9l a l\u00e1nyr\u00f3l, aki ezeket a bet\u0171ket is p\u00f6ty\u00f6gi a monitorra meredve, tal\u00e1n mert nem kell arr\u00f3l besz\u00e9lnem, mi volt. Vagy mert m\u00e1r nem is tartom l\u00e9nyegesnek. Tal\u00e1n, mert most sem az\u00e9rt \u00edrom ezeket a sorokat, hogy leny\u0171g\u00f6zzelek, hiszen azt szem\u00e9lyesen akarom megtenni. Nap, mint nap, \u00fajra \u00e9s \u00fajra.<\/p>\r\n<p style=\"text-align: justify\">Voltam bizakod\u00f3, akartam menek\u00fclni, azt\u00e1n mikor \u00f6nmagamat k\u00e9nyszer\u00edtve, maradtam, j\u00f6tt az \u00e9melyg\u00e9s az eg\u00e9szt\u0151l, v\u00e9g\u00fcl pedig valahogy \u00f6sszed\u0151lt a bels\u0151 biztons\u00e1gi rendszer. Csak \u00fagy, deton\u00e1ci\u00f3 \u00e9s k\u00fcl\u00f6n\u00f6sebb robaj n\u00e9lk\u00fcl. A f\u00e9lhom\u00e1llyal \u00e1tsz\u0151tt csendben, am\u00edg a mellkasodon fekve, csak a sz\u00edvver\u00e9sedre figyeltem. A szavak, a falak, a m\u0171anyag, a keret, minden elporladt. \u00c9n pedig nem zuhantam sz\u00e9t. S\u0151t. Nincs p\u00e1nc\u00e9l, nincs kivont kard. Nincs semmi.<\/p>\r\n<p style=\"text-align: justify\">\u00c9n vagyok \u00e9s Te vagy. \u00c9s az a pillanat, amiben megsz\u00fcletik a Mi, s vele megannyi \u00faj lehet\u0151s\u00e9g, vel\u00fcnk, nek\u00fcnk, \u00e9rt\u00fcnk.<img class=\" size-medium wp-image-5516984 aligncenter\" src=\"https:\/\/keysite.cafeblog.hu\/files\/2015\/02\/87bc62544dbdfbd0eda39a04c5bc5477-199x300.jpg\" alt=\"87bc62544dbdfbd0eda39a04c5bc5477\" width=\"199\" height=\"300\" \/><\/p>\r\n<p style=\"text-align: justify\">Nem tudom mit csin\u00e1lt\u00e1l. Tal\u00e1n semmit, tal\u00e1n mindent. Visszaadtad a hitem. Megszel\u00edd\u00edtett\u00e9l. Megnyugtatsz. Biztons\u00e1got adsz. Felt\u00f6ltesz. \u00dajra mosolygom. \u00c9s az valami le\u00edrhatatlan, ahogy n\u00e9zel r\u00e1m.<\/p>\r\n<p style=\"text-align: justify\">Igen. Ir\u00e1ny\u00edt\u00e1sm\u00e1ni\u00e1m van, monom\u00e1n vagyok, t\u00falkontroll\u00e1lt \u00e9s kontroll\u00e1lhatatlan. Hat\u00e1rozott, er\u0151s, gyakran s\u00e9rt\u0151 \u00e9s d\u00fch\u00edt\u0151. <em>\u201eIgen, ez mind \u00edgy is van, csak mindemellett n\u0151 is vagy.\u201d<\/em> A karjaidba olvadtam. Oda, ahol v\u00e9gre nem csak akartam, de tudtam n\u0151nek \u00e9rezni magam, mindenf\u00e9le sallang n\u00e9lk\u00fcl. Te vagy a legjobb dolog, ami csak t\u00f6rt\u00e9nhetett velem.<\/p>\r\n<p style=\"text-align: justify\">Kock\u00e1ztatok? Lehet. De v\u00e1llalom. Mert hiszek benn\u00fcnk. \u2013 <em>\u201eH\u00e1t Klau, Isten hozott a h\u00fas-v\u00e9r emberek vil\u00e1g\u00e1ban! \u2013 J\u00f3 \u00fajra itt.\u201d<\/em><\/p>","type":"rich","thumbnail_url":"https:\/\/keysite.cafeblog.hu\/files\/2015\/02\/Project-365-35-150x150.jpg","thumbnail_width":150,"thumbnail_height":150}

Klaudia Molnár

Nyílt levél

<p style="text-align: justify"><strong><a href="https://keysite.cafeblog.hu/files/2015/02/Project-365-35.jpg"><img class="wp-image-5516983 alignleft" src="https://keysite.cafeblog.hu/files/2015/02/Project-365-35-300x200.jpg" alt="Project-365-35" width="352" height="234" /></a>18.45. – kiesek a munkahelyem ajtaján. </strong></p>
<p style="text-align: justify"><em>Nagyszerű, most már biztosan nem érek oda időben. De szólni sem tudok, hogy kések. Hozom a formám.</em> – puffogok magamban, miközben befordulok a sarkon és sietve az aluljáró felé lépkedek. – <em>Nagyon hiányzott nekem ez a randi, tényleg szükségem van rá, hogy újra meg kelljen állapítanom, hogy a mai világban az se normális, aki még egyáltalán emberekkel találkozik. </em></p>
<p style="text-align: justify">Már nem volt időm renoválni az arcom. Egy francos hajkefe sem volt nálam. Hideg is volt, álmos is voltam. – Hiszek benne, hogy az első 5 percben, minden eldől. Az legalábbis mindenképp, hogy lesz-e második találkozás. Jelenleg 10 perces lemaradásban voltam. Ekkor döntöttem el, hogy megadom a szokásos 5 percet és nem futok udvarias köröket, lelépek.</p>
<p style="text-align: justify"><strong>Aztán megláttalak…</strong></p>
<p style="text-align: justify">Nem tudom hol volt az a pont, ahol megadtam magam. Minden olyan gyorsan történt.</p>
<p style="text-align: justify">Talán akkor, amikor rájöttem, bárhogy keresem, nem találom azt a bizonyos „<em>DE</em>”-vel kezdődő mondatot, talán, amikor azt mondtad, <em>„Hidd már el, hogy megérdemled.”</em>, talán, amikor nem kérdeztél a lányról, aki ezeket a betűket is pötyögi a monitorra meredve, talán mert nem kell arról beszélnem, mi volt. Vagy mert már nem is tartom lényegesnek. Talán, mert most sem azért írom ezeket a sorokat, hogy lenyűgözzelek, hiszen azt személyesen akarom megtenni. Nap, mint nap, újra és újra.</p>
<p style="text-align: justify">Voltam bizakodó, akartam menekülni, aztán mikor önmagamat kényszerítve, maradtam, jött az émelygés az egésztől, végül pedig valahogy összedőlt a belső biztonsági rendszer. Csak úgy, detonáció és különösebb robaj nélkül. A félhomállyal átszőtt csendben, amíg a mellkasodon fekve, csak a szívverésedre figyeltem. A szavak, a falak, a műanyag, a keret, minden elporladt. Én pedig nem zuhantam szét. Sőt. Nincs páncél, nincs kivont kard. Nincs semmi.</p>
<p style="text-align: justify">Én vagyok és Te vagy. És az a pillanat, amiben megszületik a Mi, s vele megannyi új lehetőség, velünk, nekünk, értünk.<img class=" size-medium wp-image-5516984 aligncenter" src="https://keysite.cafeblog.hu/files/2015/02/87bc62544dbdfbd0eda39a04c5bc5477-199x300.jpg" alt="87bc62544dbdfbd0eda39a04c5bc5477" width="199" height="300" /></p>
<p style="text-align: justify">Nem tudom mit csináltál. Talán semmit, talán mindent. Visszaadtad a hitem. Megszelídítettél. Megnyugtatsz. Biztonságot adsz. Feltöltesz. Újra mosolygom. És az valami leírhatatlan, ahogy nézel rám.</p>
<p style="text-align: justify">Igen. Irányításmániám van, monomán vagyok, túlkontrollált és kontrollálhatatlan. Határozott, erős, gyakran sértő és dühítő. <em>„Igen, ez mind így is van, csak mindemellett nő is vagy.”</em> A karjaidba olvadtam. Oda, ahol végre nem csak akartam, de tudtam nőnek érezni magam, mindenféle sallang nélkül. Te vagy a legjobb dolog, ami csak történhetett velem.</p>
<p style="text-align: justify">Kockáztatok? Lehet. De vállalom. Mert hiszek bennünk. – <em>„Hát Klau, Isten hozott a hús-vér emberek világában! – Jó újra itt.”</em></p>
